What is w(-42)?
-679
Let o(d) = 7*d**2 + 9086*d + 428425. Calculate o(-49).
18
Let i(g) = -2586*g - 703380. Give i(-272).
12
Let r(q) = q**3 + 14*q**2 - 320*q + 182. What is r(-26)?
390
Let w(f) = 11*f**3 + 1597*f**2 + 240*f - 7322. Determine w(-145).
-72
Let y(q) = -q**3 - 103*q**2 + 3279*q + 295823. Give y(-108).
11
Let g(d) = 3*d**3 - 143*d**2 - 1601*d + 271. Determine g(57).
-14
Let z(u) = -u**3 - 64*u**2 - 314*u + 1977. What is z(-58)?
5
Let f(i) = -3*i**3 + 129*i**2 - 1080*i + 2452. What is f(4)?
4
Let q(h) = 2*h**2 + 90*h - 2398. Determine q(-64).
34
Let g(d) = 46*d + 5046. Determine g(-118).
-382
Let k(t) = -1728*t + 6095. Calculate k(4).
-817
Let i(v) = 2260*v + 379818. Calculate i(-168).
138
Let b(o) = 916*o - 721. Give b(1).
195
Let f(i) = 85216*i + 852192. Determine f(-10).
32
Let u(p) = -5500*p + 643505. Give u(117).
5
Let h(r) = -282*r**2 + 1415*r - 20. Calculate h(5).
5
Let t(r) = r**3 + 20*r**2 - 96*r - 1630. What is t(-16)?
930
Let m(u) = -u**2 + 1096*u + 111722. Give m(-94).
-138
Let j(x) = 2*x**3 + 16*x**2 + 2627*x + 10355. Determine j(-4).
-25
Let b(k) = -130247*k + 11461737. Determine b(88).
1
Let f(y) = -2*y**2 - 22607*y - 203273. What is f(-9)?
28
Let v(u) = 2*u**2 - 142*u - 416. Give v(78).
676
Let f(w) = -628*w**2 + 15066*w + 130. What is f(24)?
-14
Let n(c) = -c**3 + 10*c**2 + 57*c + 272. Calculate n(16).
-352
Let u(c) = -2*c**2 - 2645*c + 1356832. Determine u(395).
7
Let g(w) = -w**3 - 497*w**2 - 1268*w + 105717. Calculate g(-494).
1
Let y(a) = 9*a**3 - 942*a**2 - 321*a + 502. Calculate y(105).
-128
Let d(s) = 2*s**2 - 87*s + 726. Determine d(33).
33
Let w(k) = 2*k**3 - 85*k**2 - 3520*k - 3631. Calculate w(-25).
-6
Let p(d) = d**3 - 83*d**2 + 236*d + 814. Determine p(80).
494
Let h(u) = -6*u**3 + 4*u**2 + 39*u + 69. Give h(-3).
150
Let i(t) = t**3 + 23*t**2 + 2125*t + 46239. Calculate i(-22).
-27
Let t(o) = o**2 - 210*o + 5380. Determine t(29).
131
Let n(q) = -546*q**2 + 30992*q + 7393. Calculate n(57).
-17
Let i(x) = -108*x**3 + 652*x**2 - 18*x - 48. What is i(6)?
-12
Let c(a) = 3720*a - 252967. Determine c(68).
-7
Let l(k) = 2*k**2 - 171*k + 1675. Give l(10).
165
Let w(p) = -23343*p**2 - 70032*p - 9. Give w(-3).
0
Let u(t) = t**3 + 74*t**2 - 444*t + 3319. What is u(-80)?
439
Let g(c) = -335*c - 16777. What is g(-54)?
1313
Let b(k) = -k**2 - 107*k + 215917. Determine b(414).
223
Let g(f) = -f**2 + 4378*f + 87952. Give g(-20).
-8
Let q(o) = 2*o**3 + 42*o**2 - 12338*o - 247561. Determine q(-20).
-1
Let q(t) = -23*t**3 + 301*t**2 - 786*t + 9887. What is q(13)?
7
Let i(y) = -499*y**2 - 12984*y - 449. What is i(-26)?
-189
Let o(w) = -3*w**2 + 79*w + 2205. Determine o(42).
231
Let z(s) = 2*s**3 - 1008*s**2 + 916*s + 45229. Calculate z(503).
-41
Let n(a) = 13532*a + 3572434. Determine n(-264).
-14
Let o(q) = 42*q**2 - 5250*q + 167. What is o(125)?
167
Let b(q) = -2*q**2 + 760*q + 22756. Give b(-31).
-2726
Let d(h) = 1226128*h - 9809013. Calculate d(8).
11
Let j(m) = -m**2 - 332*m + 6790. Give j(-351).
121
Let p(w) = -6*w**3 - 875*w**2 - 892*w - 17. What is p(-1)?
6
Let w(z) = 82*z**2 - 4840*z + 103. Give w(59).
-15
Let p(w) = -64624*w - 646234. What is p(-10)?
6
Let w(p) = 20*p**3 + 767*p**2 - 504*p - 73. Give w(-39).
-190
Let f(p) = -96*p**2 + 551*p - 104. Calculate f(5).
251
Let j(o) = 18*o**2 + 34*o - 73. Calculate j(-7).
571
Let i(y) = y**3 - 158*y**2 - 133*y - 4120. What is i(159)?
14
Let i(j) = j**2 + 1332*j + 16031. Determine i(-12).
191
Let q(i) = -i**3 + 38*i**2 - 67*i + 1196. Calculate q(35).
2526
Let f(v) = -3*v**2 - 1022*v + 92137. Determine f(74).
81
Let j(z) = -z**3 + 11*z**2 + 173*z - 61. Give j(-9).
2
Let d(x) = 5542*x**2 - 5474*x - 3. Determine d(1).
65
Let s(z) = -43065*z + 344640. Give s(8).
120
Let b(u) = 35*u**2 + 1515*u - 1080. Give b(-44).
20
Let u(b) = 442*b + 9814. Determine u(-23).
-352
Let w(p) = -4*p**2 - 886*p - 11441. Determine w(-13).
-599
Let r(l) = -656*l + 76504. Give r(117).
-248
Let k(m) = -m**2 + 14084*m + 7836315. Determine k(-536).
-5
Let t(m) = -167311*m + 4350123. Determine t(26).
37
Let p(d) = -d**2 - 5751*d - 28700. Give p(-5).
30
Let j(r) = 5*r**2 + 2713*r - 35202. Calculate j(13).
912
Let f(s) = -s**2 + 466*s + 24632. Give f(-48).
-40
Let x(p) = 323*p + 34490. Give x(-107).
-71
Let w(u) = 11*u + 2529. Calculate w(-75).
1704
Let k(v) = 4*v**3 - 89*v**2 + 270*v + 1486. Calculate k(17).
7
Let w(c) = 13*c**3 - 729*c**2 + 3366*c + 26. Calculate w(51).
26
Let n(l) = -l**2 + 44113*l - 264662. Give n(6).
-20
Let t(d) = 4*d**2 + 1080*d - 5492. What is t(5)?
8
Let w(b) = -2*b**3 + 594*b**2 + 28*b - 8442. Calculate w(297).
-126
Let m(g) = 2*g**3 + 378*g**2 + 823*g + 14018. Determine m(-187).
-7
Let j(n) = n**2 + 1229*n + 110842. Calculate j(-98).
4
Let v(s) = -s**3 - 187*s**2 - 188*s - 2. Determine v(-1).
0
Let h(q) = -146*q**2 + 1132*q + 179. What is h(8)?
-109
Let q(g) = 3276*g - 32529. Give q(10).
231
Let m(r) = 126*r**2 + 24283*r - 80950. Give m(-196).
-2
Let t(c) = -289*c - 26413. Calculate t(-104).
3643
Let z(y) = -y**2 - 166*y + 8019. Give z(39).
24
Let c(f) = -4*f**2 - 137*f + 18588. Give c(53).
91
Let j(m) = -3875*m - 305033. Calculate j(-79).
1092
Let u(a) = -2306*a - 159105. What is u(-69)?
9
Let l(a) = a**3 - 62*a**2 + 174*a - 3172. Calculate l(60).
68
Let o(h) = -2*h**3 - 48*h**2 + 102*h + 169. Give o(-27).
1789
Let b(x) = -125740*x + 50170251. Give b(399).
-9
Let a(l) = -l**3 - 113*l**2 - 1884*l + 32. Determine a(-20).
512
Let x(b) = -b**2 - 29357*b + 3566803. Give x(121).
-35
Let u(l) = 98133*l - 4906661. Give u(50).
-11
Let f(w) = -w**2 + 229055*w + 2061476. Calculate f(-9).
-100
Let a(j) = 76405*j + 229220. Give a(-3).
5
Let j(z) = -80686*z - 322761. What is j(-4)?
-17
Let n(q) = 63*q**2 + 914*q - 112. Calculate n(-19).
5265
Let h(s) = 7268*s + 1177565. What is h(-162)?
149
Let b(s) = -1466*s**3 - s**2 + 2313*s - 2313. What is b(1)?
-1467
Let l(q) = q**3 + 222*q**2 + 672*q + 3278. Calculate l(-219).
-7
Let o(i) = -20092*i - 10246927. Calculate o(-510).
-7
Let z(k) = k**2 - 25*k - 16914. Calculate z(-118).
-40
Let w(v) = -v**3 - 98*v**2 + 64*v - 3464. Determine w(-99).
1
Let b(x) = -x**3 + 1214*x**2 - 27399*x + 136. Calculate b(23).
-2
Let o(z) = z**3 - 42*z**2 - 460*z + 294. Give o(51).
243
Let z(i) = -i**3 - 20*i**2 + 7*i + 483. Calculate z(-19).
-11
Let c(g) = 59*g**2 - 8931*g + 3230. Give c(151).
-92
Let g(z) = -2*z**3 + 323*z**2 + 489*z + 121. Give g(163).
121
Let u(f) = -696*f + 281. Give u(0).
281
Let o(h) = h**3 + 9*h**2 - 1810*h - 16598. Calculate o(-9).
-308
Let t(k) = -8*k**2 + 1733*k + 5201. Determine t(-3).
-70
Let p(v) = 69*v + 4688. What is p(-61)?
479
Let r(b) = -b**3 - 8*b**2 + 181*b + 945. Calculate r(-5).
-35
Let y(m) = 14*m**3 - 61*m**2 + 139*m - 475. What is y(4)?
1
Let d(m) = -4*m**2 - 1139*m + 11794. Calculate d(10).
4
Let m(i) = 29*i**3 - 2148*i**2 + 149*i - 135. Calculate m(74).
-61
Let d(p) = -614835*p - 25208244. Give d(-41).
-9
Let z(d) = -2*d**3 + 758*d**2 + 1354*d + 597. Determine z(-1).
3
Let m(h) = 2*h**3 + 47*h**2 - 1049*h - 24601. Determine m(-24).
-1
Let z(x) = -x**3 + 47*x**2 - 476*x - 353. Calculate z(16).
-33
Let j(g) = 1862159*g + 7448642. Give j(-4).
6
Let w(g) = -g**3 - 37*g**2 + 237*g - 3047. Determine w(-44).
77
Let l(a) = -a**2 + 322*a + 3963. Determine l(334).
-45
Let d(t) = -t**2 - 360*t + 1142648. Give d(904).
-8
Let f(n) = -n**2 + 75*n - 695. Give f(15).
205
Let d(g) = 1231*g - 40630. Calculate d(33).
-7
Let y(f) = -309*f**2 + 2472*f + 15. Calculate y(8).
15
Let q(m) = -15*m**3 + 2*m**2 + 13*m + 18. Determine q(-3).
402
Let n(m) = 8*m**2 + 570*m - 5854. Determine n(10).
646
Let g(f) = -19404*f**2 + 58212*f + 28. Determine g(3).
28
Let v(i) = -62*i**2 - 12*i + 1517. Give v(0).
1517
Let a(i) = 82*i**2 - 9*i - 7. Give a(-1).
84
Let i(t) = t**3 + 399*t**2 - 2409*t + 8515. Determine i(-405).
10
Let k(s) = -11062*s + 951323. Calculate k(86).
-9
Let n(x) = -13*x**2 - 182*x - 741. Determine n(-4).
-221
Let i(y) = 12*y**2 - 3060*y + 24. What is i(255)?
24
Let a(o) = 2*o**2 + 973*o - 22898. Calculate a(-509).
7
Let s(f) = -22*f + 1320. Give s(22).
836
Let k(p) = p**2 - 319*p + 1584. Give k(5).
14
Let q(n) = -3*n**3 - 61*n**2 - 7*n + 730. Determine q(0).
730
Let s(d) = -21246*d + 3718054. Determine s(175).
4
Let u(l) = -496584*l + 1